{"id":51,"date":"2019-02-01T08:16:26","date_gmt":"2019-02-01T07:16:26","guid":{"rendered":"http:\/\/gitelachayrie.fr\/?page_id=51"},"modified":"2019-02-06T17:37:55","modified_gmt":"2019-02-06T16:37:55","slug":"le-chateau","status":"publish","type":"page","link":"https:\/\/gitelachayrie.fr\/index.php\/le-chateau\/","title":{"rendered":"Le Ch\u00e2teau"},"content":{"rendered":"\n<p> Ch\u00e2teau De LACAPELLE-MARIVAL Ce ch\u00e2teau class\u00e9 Monument Historique, fut \u00e9difi\u00e9 \u00e0 partir du XIII\u00e8me si\u00e8cle par les seigneurs de Cardaillac.<br> Il est partiellement restaur\u00e9 ; la visite guid\u00e9e permet d\u2019acc\u00e9der au  chemin de ronde et ainsi d\u2019appr\u00e9cier l\u2019architecture des toitures.<br> On peut aussi observer des restes de d\u00e9cors m\u00e9di\u00e9vaux et des \u00e9l\u00e9ments du  XVII\u00e8me si\u00e8cle : plafond peint \u00e0 la fran\u00e7aise, parquet et grisailles\u2026 <br> La construction du ch\u00e2teau a commenc\u00e9 au 13\u00e8me si\u00e8cle par les seigneurs de Cardaillac.<br> Il a \u00e9t\u00e9 partiellement r\u00e9nov\u00e9 ; la visite guid\u00e9e donne acc\u00e8s \u00e0 la voie  couverte d\u2019o\u00f9 vous pourrez d\u00e9couvrir la structure en bois et  l\u2019architecture des toits.<br> Vous pouvez \u00e9galement regarder les peintures m\u00e9di\u00e9vales restantes, et  d\u2019autres \u00e9l\u00e9ments sp\u00e9cifiques dat\u00e9s du 17\u00e8me si\u00e8cle : plafond peint \u00e0 la  fran\u00e7aise, parquet ancien, peinture murale \u2026 &nbsp; &nbsp; &nbsp; &nbsp; <\/p>\n\n\n\n<figure class=\"wp-block-image\"><img loading=\"lazy\" decoding=\"async\" width=\"1024\" height=\"576\" src=\"http:\/\/gitelachayrie.fr\/wp-content\/uploads\/2019\/02\/CHATEAU-LACAPELLE-1024x576.jpg\" alt=\"\" class=\"wp-image-241\" srcset=\"https:\/\/gitelachayrie.fr\/wp-content\/uploads\/2019\/02\/CHATEAU-LACAPELLE-1024x576.jpg 1024w, https:\/\/gitelachayrie.fr\/wp-content\/uploads\/2019\/02\/CHATEAU-LACAPELLE-300x169.jpg 300w, https:\/\/gitelachayrie.fr\/wp-content\/uploads\/2019\/02\/CHATEAU-LACAPELLE-768x432.jpg 768w, https:\/\/gitelachayrie.fr\/wp-content\/uploads\/2019\/02\/CHATEAU-LACAPELLE.jpg 1536w\" sizes=\"auto, (max-width: 767px) 89vw, (max-width: 1000px) 54vw, (max-width: 1071px) 543px, 580px\" \/><\/figure>\n\n\n\n<p><strong>Contacts :<\/strong>&nbsp;l\u2019OFFICE DE TOURISME DE LACAPELLE-MARIVAL<br>\nPlace de la HALLE T\u00e9l&nbsp;: 05 65 40 81 11&nbsp;\n\n\n&nbsp;\n\n\n<\/p>\n\n\n\n<p><strong>Heures d\u2019ouverture :&nbsp;<\/strong>VISITES TOUS LES JOURS EN JUILLET ET AOUT<br>\nAutre p\u00e9riode voir avec l\u2019Office de Tourisme\n&nbsp;\n\n\n<\/p>\n\n\n\n<p><strong>Info Compl\u00e9mentaire :&nbsp;<\/strong><a href=\"http:\/\/www.lacapelle-marival-tourisme.fr\/\">http:\/\/www.lacapelle-marival-tourisme.fr\/<\/a><\/p>\n","protected":false},"excerpt":{"rendered":"<p>Ch\u00e2teau De LACAPELLE-MARIVAL Ce ch\u00e2teau class\u00e9 Monument Historique, fut \u00e9difi\u00e9 \u00e0 partir du XIII\u00e8me si\u00e8cle par les seigneurs de Cardaillac. Il est partiellement restaur\u00e9 ; la visite guid\u00e9e permet d\u2019acc\u00e9der au chemin de ronde et ainsi d\u2019appr\u00e9cier l\u2019architecture des toitures. On peut aussi observer des restes de d\u00e9cors m\u00e9di\u00e9vaux et des \u00e9l\u00e9ments du XVII\u00e8me si\u00e8cle &hellip; <\/p>\n<p class=\"link-more\"><a href=\"https:\/\/gitelachayrie.fr\/index.php\/le-chateau\/\" class=\"more-link\">Continuer la lecture<span class=\"screen-reader-text\"> de &laquo;&nbsp;Le Ch\u00e2teau&nbsp;&raquo;<\/span><\/a><\/p>\n","protected":false},"author":1,"featured_media":0,"parent":0,"menu_order":0,"comment_status":"closed","ping_status":"closed","template":"","meta":{"footnotes":""},"class_list":["post-51","page","type-page","status-publish","hentry"],"_links":{"self":[{"href":"https:\/\/gitelachayrie.fr\/index.php\/wp-json\/wp\/v2\/pages\/51","targetHints":{"allow":["GET"]}}],"collection":[{"href":"https:\/\/gitelachayrie.fr\/index.php\/wp-json\/wp\/v2\/pages"}],"about":[{"href":"https:\/\/gitelachayrie.fr\/index.php\/wp-json\/wp\/v2\/types\/page"}],"author":[{"embeddable":true,"href":"https:\/\/gitelachayrie.fr\/index.php\/wp-json\/wp\/v2\/users\/1"}],"replies":[{"embeddable":true,"href":"https:\/\/gitelachayrie.fr\/index.php\/wp-json\/wp\/v2\/comments?post=51"}],"version-history":[{"count":5,"href":"https:\/\/gitelachayrie.fr\/index.php\/wp-json\/wp\/v2\/pages\/51\/revisions"}],"predecessor-version":[{"id":243,"href":"https:\/\/gitelachayrie.fr\/index.php\/wp-json\/wp\/v2\/pages\/51\/revisions\/243"}],"wp:attachment":[{"href":"https:\/\/gitelachayrie.fr\/index.php\/wp-json\/wp\/v2\/media?parent=51"}],"curies":[{"name":"wp","href":"https:\/\/api.w.org\/{rel}","templated":true}]}}